f (-1044)/(-145)*h/4?
2, 3, 5
Suppose -n + 473 = -4*j, 0 = 4*n + 8*j - 7*j - 1926. Suppose y = -2*c + 10 + 469, 3*y = -2*c + n. List the prime factors of c.
239
Suppose 1415812 = 53*x + 44*x. What are the prime factors of x?
2, 41, 89
Let d(t) be the first derivative of 89*t**2/2 + 11*t - 23. What are the prime factors of d(2)?
3, 7
Suppose -n = 4*n - 5120. Let z be ((-36)/(-21))/((-8)/(-28)). Suppose n - 268 = z*h. List the prime factors of h.
2, 3, 7
Suppose 17*f = 27*f - 21*f + 52085. List the prime factors of f.
5, 947
Let g(f) = -f**2 - 5*f + 11. Let h be g(-6). Let r be h/(-10 - -5)*(-1 + -4). Suppose -3*x + x + 48 = -2*l, 140 = 5*x + r*l. What are the prime factors of x?
2, 13
Let z = 14714 + 11028. List the prime factors of z.
2, 61, 211
Let j(c) = -158*c**3 - c**2 - 6*c + 4. List the prime factors of j(-3).
11, 389
Let i(s) = -988*s**3 - 987*s**3 + 6*s**2 + 1973*s**3 + 17. What are the prime factors of i(-8)?
3, 5, 19
Let a = 112 - 137. Let p = a - -22. List the prime factors of (105 - -2) + 2 + p.
2, 53
Let o be ((-24)/48)/((-1)/84). Let a(k) = -k**3 + 41*k**2 + 57*k - 114. List the prime factors of a(o).
2, 3, 43
Let x(u) = u**3 - 33*u**2 - 2*u + 9. Let j be x(33). Let h be (9/4)/((-12)/(-16)). List the prime factors of (-2)/h + (-15143)/j.
5, 53
Suppose 2*o + 2*p = -2, -8 + 3 = 5*o + 2*p. Let w be (-16)/16 + 30/o. Let z = -1 - w. List the prime factors of z.
2, 3, 5
Let o(x) = -16*x - 8. Let u be o(-2). Suppose -17*l + 21*l = u. Suppose l*a = -a + 448. What are the prime factors of a?
2
Suppose 4*v - 2*r + 1192 = 0, -5*v - 4*r = -5*r + 1496. Let b = -97 - v. List the prime factors of b.
7, 29
Let z = -513 + 858. What are the prime factors of 1*z - (-32 - -29)?
2, 3, 29
Let k(p) = 39035*p - 66. List the prime factors of k(1).
7, 19, 293
Let h = 240 + -234. List the prime factors of ((-968)/16 + h)*-5*2.
5, 109
Let w = -406 - -410. Suppose 4*n - 4*r = 496, w*r = -5*n - 0*n + 593. List the prime factors of n.
11
Suppose 0 = 3*i - 2*i - 466. Suppose 59 + i = 7*z. What are the prime factors of z?
3, 5
Let u be ((-2)/(-3))/(26/(-6) - -5). Let x be 1/u*4420/13. Suppose 0*z - 5*z + 2*h = -566, -3*z + h = -x. List the prime factors of z.
2, 3, 19
Let h(b) = 3*b + 47. Let a(k) = 2*k + 48. Let s(w) = 3*a(w) - 4*h(w). Let d be s(-10). Let p = d + 5. What are the prime factors of p?
3, 7
What are the prime factors of 2*(-648329)/(-198) + 4/18?
3, 37, 59
What are the prime factors of (-1828 + 6)/((-2893)/(-264) - 11)?
2, 3, 911
Suppose -4*u + 16*c + 20 = 14*c, -c = -4*u + 18. What are the prime factors of u/(-14) - (-2 + 89404/(-98))?
2, 457
Let j(b) = -b**3 + 2*b**2 + 7*b - 15. Let n be j(3). Suppose -5 = -2*k - 3. List the prime factors of (-91)/n*k/((-2)/(-18)).
3, 7, 13
Let a(n) = -18*n - 52. Let r be a(-21). Let b = 461 - r. List the prime factors of b.
3, 5
Suppose 5538 = -v - 2*u + 16178, 5*u + 74499 = 7*v. List the prime factors of v.
2, 17, 313
Suppose -x + 4*t = -1942, 3*t = 4*x + 4*t - 7751. List the prime factors of x.
2, 3, 17, 19
Let o = -23354 + 42052. What are the prime factors of o?
2, 9349
Let a(z) = 618*z**2 + 8*z. What are the prime factors of a(5)?
2, 5, 1549
Let m be 2 + (2/(-6) - (-7)/3). Suppose 4*b - b - 3*w = 27, 0 = b + m*w + 16. Suppose -3*t + 3*z = -123, -4*z = b*t - 69 - 71. List the prime factors of t.
2, 19
Let p be (13 - -2)/((-11)/(-44)). Suppose 0 = 4*q - p. What are the prime factors of -1*(q/5 + -124)?
11
Let m = -458 - -990. Let j = -483 + m. List the prime factors of j.
7
Suppose -2536*l - 3868500 = -2586*l. What are the prime factors of l?
2, 3, 5, 2579
Let z be ((-4)/6)/(-22 - 1764/(-81)). Suppose 2*l = -5*r + 775, -l - 4*r - 123 = -503. Suppose -l = -z*v - v. What are the prime factors of v?
2, 5
Let m(z) = z**3 + 27*z**2 + 27*z + 29. Let j be m(-26). List the prime factors of (1 + 794/6)*(j + 0).
2, 5
Let m(q) = 53*q**2 + 9*q + 2. Suppose 3 = w + 5*a, -15*w + 13*w = 4*a - 6. List the prime factors of m(w).
2, 11, 23
Suppose -3*o + 8*o - 65 = 0. Let l(x) = 2*x - 10. Let m be l(o). List the prime factors of (m/(-6))/4*1*-198.
2, 3, 11
Let z = 4922 - -2036. What are the prime factors of z?
2, 7, 71
Suppose -5523 = 67*v - 69*v - 3*s, -2*v + 3*s + 5541 = 0. What are the prime factors of v?
2, 3, 461
Let o(y) = -78*y**3 + 16*y**2 + 23*y - 10. List the prime factors of o(-9).
13, 4457
Let l = 161 - 161. Suppose 3*u + w - 2165 = 0, -2*w = 5*u - l*w - 3609. What are the prime factors of u?
7, 103
Let r be -3 - (-15)/6 - 443/(-2). Let x = -94 + r. Suppose -5*q = 4*j - x, 0 = -4*j - 2*q + q + 115. What are the prime factors of j?
2, 7
Let s = -48 + 45. Let x(t) = 36*t**2 + 13*t + 1. What are the prime factors of x(s)?
2, 11, 13
Let a = 261 + 2553. Let q = -1541 + a. What are the prime factors of q?
19, 67
Suppose 0 = 51*z - 35*z - 3392. Suppose -z + 3200 = 4*c. List the prime factors of c.
3, 83
Suppose -d = -2*d + 2*d. Let t be (d + (-3)/(-6))*0. Suppose t*h - h - 2*y = -118, 2*y + 482 = 4*h. List the prime factors of h.
2, 3, 5
Let j(l) = l**3 + 84*l**2 - 127*l + 246. What are the prime factors of j(-82)?
2, 3, 7, 41
Suppose -13*z + 32 = -4*y - 18*z, 0 = 2*y + 5*z + 16. List the prime factors of (-413)/(((-8)/y)/(-2)).
2, 7, 59
Let o(k) = 11*k**2 - 25*k + 19. Suppose 129*l + 84 = 136*l. List the prime factors of o(l).
1303
Let c = 4251 - -800. List the prime factors of c.
5051
Suppose 1069*d - 40 = 1059*d. Suppose t - 11 = 8. Suppose 73 = d*z - t. What are the prime factors of z?
23
Let a = -258 + 268. Suppose 0 = 4*k - a*k + 1470. List the prime factors of k.
5, 7
Let l(o) = -o - 1. Let a(b) be the second derivative of -4*b**4/3 + 4*b**3/3 + 7*b**2 - 11*b. Let i(m) = -a(m) - 10*l(m). What are the prime factors of i(-3)?
2, 67
Suppose 16940 = -67*x + 45*x. What are the prime factors of (x/(-3))/(3/9)?
2, 5, 7, 11
Suppose -g = -q - 5, -5*g + 19*q - 21*q = -25. Suppose z - 3*k = g*z - 892, 2*k + 872 = 4*z. List the prime factors of z.
2, 5, 11
Suppose -108*z + 112*z = 2*n - 36388, 0 = -3*n - 5*z + 54637. What are the prime factors of n?
2, 3, 37, 41
Let f(l) = 3*l**3 - 64*l**2 + 22*l - 28. Let h be f(21). Let a(d) = -d**3 - 2*d**2 + 7*d + 25. List the prime factors of a(h).
13, 17
Suppose 2*i + 315 = -3*o, 4*i - 3*i = 3*o + 315. What are the prime factors of (5 - o/(-20))*-788?
197
Suppose -21 = 3*s - 6*s. List the prime factors of 118280/140 + 1/s.
5, 13
List the prime factors of ((-2)/14)/((-101)/(-707))*-13003.
13003
Let c(g) = 112*g + 1006. List the prime factors of c(71).
2, 3, 1493
Let u = 632 - 749. What are the prime factors of ((-21450)/u)/(2 - 33/18)?
2, 5, 11
Let u = -40 - -43. Suppose -u*i = i + 448. Let q = 171 + i. What are the prime factors of q?
59
Let v(t) = -4179*t**3 - 3*t**2 - 72*t - 68. List the prime factors of v(-1).
2, 5, 11, 19
Let a(t) = t**3 + 5*t**2 - 3*t - 15. Let s = 23 - 28. Let k be a(s). What are the prime factors of (k + -6*1)*(-265)/10?
3, 53
Let s(w) = w**2 + 7*w - 18. Let q be s(2). List the prime factors of q - -804 - (5 + -35)/10.
3, 269
Let k(w) = w**3 - 8*w**2 + 5*w - 2. Let u be k(5). Suppose -114 = 4*q - 702. Let x = q - u. List the prime factors of x.
199
Let r(g) = -8*g - 9 - 10 + 20*g**2 + 0 + 4. What are the prime factors of r(-3)?
3, 7
Suppose 0 = 6*a - 4*a - 5*b + 161, -2*a = b + 155. List the prime factors of 13/a + 6422/12.
5, 107
Let h be (17 - -334) + 1*-1. Let q = h - -288. Suppose -4*o + 0*o = -2*z - q, z - 325 = -2*o. What are the prime factors of o?
7, 23
What are the prime factors of (-186336)/(-32) + 12*1?
3, 5, 389
Suppose 8*w - 4*q = 3*w + 168, 0 = -q + 3. Let y be ((-10)/3 - -3)/(6/w). List the prime factors of 1/(2/(-220)*y).
5, 11
Suppose 0 = -6*x - 48, 4*x = -2*d + 112560 - 24654. List the prime factors of d.
43969
Suppose 0 = -2*n - 3 + 9. Suppose n*c + 36 = -48. What are the prime factors of 4 - 6 - (-5)/((-5)/c)?
2, 13
List the prime factors of (-4 - -1) + ((-11285)/15)/((-25)/150).
13, 347
Let n be -3 - -5 - 44/(-1). Suppose x - 5*g = 2*x - n, -g + 58 = x. Let t = -48 + x. What are the prime factors of t?
13
Suppose 71850 = 26*u - 6124. What are the prime factors of u?
2999
Suppose 41*k - 283580 = 19*k. What are the prime factors of k?
2, 5, 1289
List the prime factors of ((-252)/(-18))/((-3)/(-5784)).
2, 7, 241
Suppose -4*q = 2*q - 36. Supp